a*o(b) + d*m(b). Determine x(-1).
1
Suppose -125*i + 119*i = -12. Suppose 0*l = l - 2. Let b(m) = -2 + m**2 - 2*m**2 + l*m**2. Give b(i).
2
Suppose c + 6*p = p, 4*c = -5*p. Let b = c + 2. Let r(i) = -b + 2 + 0 - 3 + i. Calculate r(-4).
-7
Let o(m) = -3 - 2 - 2*m**2 + m + m**2 + 8. Let v = -15 + 9. Let u = 3 + v. Give o(u).
-9
Let m(o) = 9*o**2 + 10*o + 8. Let x(b) = -4*b**2 - 5*b - 4. Let c(s) = 3*m(s) + 7*x(s). Give c(-5).
-4
Let y(z) = z**3 + 5*z**2 + 4*z + 2. Let v be y(-2). Let a(b) = 0*b**2 + b**2 - v + 6*b - 2*b**2. Calculate a(4).
2
Let g(k) = -2*k**3 + k**2 + 2*k - 3. Let n(h) = h**2 + 2*h - 13. Let l be n(3). What is g(l)?
-11
Let x(d) = d**3 - 4*d**2 + 2*d + 4. Let p(j) be the second derivative of -j**4/12 - j**3/6 + 3*j**2/2 + 3*j. Let a be p(0). What is x(a)?
1
Let w be 4 - (4 - (2 - -1)). Let v(t) = t**3 - 3*t**2 - 4. What is v(w)?
-4
Let u(b) = b + 2. Suppose 0*s = 6*s - 18. Determine u(s).
5
Let x(b) = -b**2 + 2*b**2 - b - b**3 + 4*b**2 - 4. Suppose 5*v + 593 - 613 = 0. Calculate x(v).
8
Let n(s) = 5*s**3 - 9*s**2 - 2*s + 4. Let b(a) = -14*a**3 + 26*a**2 + 7*a - 13. Let x(c) = 4*b(c) + 11*n(c). Give x(6).
-8
Let t = 2 + -2. Let k be (2 - (-3)/(-1))*t. Let y(a) = a**2 + a + 6. Give y(k).
6
Let a(z) = -z**2 + 5*z - 2. Suppose 5*o = 3*o. Let w be -2 + o/2 - -4. Let q be a(w). Let v(y) = y**3 - 4*y**2 - 3. Determine v(q).
-3
Let h(l) = -4*l**2 + 2*l + 1. Let y = -3 - 15. Let u be (-16)/10 - y/30. What is h(u)?
-5
Let f(b) = b + 6. Suppose -3*m - 18 - 10 = 5*a, 3*a - 12 = 3*m. Suppose 4*c - 14 = 3*q, 24 = 5*q - 3*q + 4*c. Let d = m + q. What is f(d)?
2
Let l(o) = o**3 + 5*o**2 - 6*o + 4. Let b be (2/3)/((-8)/(-36)). Let i(m) = -m - 3. Let v be i(b). What is l(v)?
4
Let z be (2/(-5))/((-114)/95). Let h(c) be the first derivative of c + 3/4*c**4 + 1/2*c**2 + 3 + z*c**3. Calculate h(-1).
-2
Suppose 2*n = 5*l - 2*n - 23, -5*l - 4*n + 7 = 0. Let u be (-11)/l + 1/(-3). Let s(m) be the first derivative of -m**3/3 - m**2 + 2. Determine s(u).
-8
Let w(m) be the first derivative of m**4/4 + 5*m**3/3 + m - 1. Let g be -12 + (-2 - -3) + 0. Let s = -16 - g. Calculate w(s).
1
Let b(m) = 4*m + 9. Let t(o) = -5*o - 9. Let d(i) = 6*b(i) + 5*t(i). Calculate d(7).
2
Let q(j) = 2*j + 2. Let h(a) = -4*a - 5. Let m(r) = -2*h(r) - 5*q(r). What is m(-3)?
6
Let i(g) be the third derivative of -g**5/60 + 7*g**4/24 + g**3/3 + g**2. Let o = 354 + -348. Determine i(o).
8
Let v = 10 - 9. Let z(b) = 1 - 2*b - b**2 - 2*b**2 + 9*b**3 + 4*b**2. What is z(v)?
9
Let y(h) = h**3 + h**2 - h + 3. Let n = 1 + -1. Calculate y(n).
3
Let w(m) = 3*m + 3*m - m + m + m**3 + 5*m**2. Let q(j) = 2*j**2 + 9*j + 5. Let s be q(-6). Suppose s = -5*t + 3. Give w(t).
-8
Suppose 0 = -l + 6*l + 300. Let x be 195/l - (-2)/8. Let n(o) = -4*o - 2. Determine n(x).
10
Suppose 5*x - 112 = -4*z, x = -0*x - 5*z + 35. Suppose 5*f - x = 3*p + 10, 0 = 4*f + 3*p + 3. Let r(t) = t**3 - 2*t**2 - 3*t - 3. Determine r(f).
-3
Let b be (-1 - 2/(-4))*-10. Let s be 10/65 - (-100)/26. Let t(c) = 5*c**2 + 7 - c**3 - c - 4*c + s*c. What is t(b)?
2
Suppose -5 = -2*u - 1. Let a(g) = -4 - 1 + 5*g + 3 - u. Give a(3).
11
Let k(g) be the first derivative of 0*g + 0*g**2 - 2 + 0*g**3 + 5/2*g**4. Calculate k(1).
10
Let b be (-1 - 1)/((-4)/(-2)). Let t(v) = 2*v**3 - 5*v**2 - 4*v - 4. Let y(j) = j**2 + j + 1. Let c(o) = b*t(o) - 4*y(o). Determine c(1).
-1
Suppose -5*j + 10 = -15. Let s(g) = -g + 2. Calculate s(j).
-3
Suppose a - 38 = -4*s - 13, -s = a - 10. Suppose -s*z = -2 - 8. Let y(n) = -3*n + 2*n + 0 + 4. Determine y(z).
2
Let c(i) = i + i - 1 + i - 4*i. What is c(0)?
-1
Let g be 3/(27/6)*(-1 - 11). Let z(y) = -y - 6. Calculate z(g).
2
Let r(c) = -2*c + 2. Let s(n) = -5*n + 4. Let x(b) = -7*r(b) + 3*s(b). Let m be (6 - 4 - 8)/1. What is x(m)?
4
Let h(c) = 5*c**2 + 12*c - 10. Let x(q) = -3*q**2 - 6*q + 5. Let m(b) = -4*h(b) - 7*x(b). Give m(4).
-3
Let d(s) = -s + 1. Let i(a) = -3*a**2 - 6*a + 5. Let y(x) = 4*d(x) - i(x). Let l be (3 - (1 + 0)) + -1. What is y(l)?
4
Let b(a) be the second derivative of a**3/6 + a**2 - 5*a. Calculate b(0).
2
Let i(x) = -x - 6. Let d = 4 - 1. Suppose b - 1 - 12 = d*f, 4*b = -3*f - 23. Give i(f).
-1
Let n be (8 + -3)/((-10)/(-4)). Let h(z) = -2*z**2 - 4*z - n + 4*z**2 - 5*z**2. Calculate h(-2).
-6
Let k(d) be the first derivative of d**4/4 + 2*d**3 - 3*d**2 + 8*d + 4. Determine k(-7).
1
Suppose 11*c - c = 0. Let z(a) = -a**2 - a + 8. Calculate z(c).
8
Suppose 0 = -5*g - 2*f, -4*g + 3*f = g - 25. Let u(m) = -1 + 5 + m - g. What is u(7)?
9
Let l(u) = -5*u - 10 + 12 + 7*u. Give l(-6).
-10
Let r(l) = -l + 4. Suppose 2*v - 4 = v. Suppose -2*y + 16 = 2*c, 0 = v*c - c - 3*y + 6. Determine r(c).
1
Suppose 5*v + 14 = b, 4*v + 2 = 2*v. Let x = -10 + b. Let f(d) = -5*d + 1. Give f(x).
6
Let x(m) = -m**3 + 7*m**2 + 5*m - 9. Let z be (7/4)/(3 - 22/8). Determine x(z).
26
Let p(g) = -g**3 - 6*g**2 - 7*g + 4. Let u be p(-4). Let f(w) = -w + 9. Determine f(u).
9
Let c(q) = 23*q**2 - 11*q + 15. Let a(f) = 11*f**2 - 5*f + 7. Let i(u) = 13*a(u) - 6*c(u). Calculate i(-1).
5
Let n(u) = 2*u**3 - 2*u**3 + 11 + u**3. Give n(0).
11
Let p(u) = -u. Let j be p(3). Let x(g) be the first derivative of 2*g**2 + 2 + g + 1/3*g**3. Give x(j).
-2
Let o be (-1)/(-6)*1 + (-182)/156. Let g(a) = 8*a**2 - a - 1. Calculate g(o).
8
Let c(y) = y**3 - 7 - 3*y - 8 - y**2 + 12. What is c(-2)?
-9
Suppose -3*f = 2*k, 3*f = -f + 5*k. Let i(j) = -j**3 - 7. Calculate i(f).
-7
Let d(b) = 7*b + 7*b + 5 - 13*b. Give d(0).
5
Suppose -187 = -20*x + 3*x. Let g(o) = o**3 - 12*o**2 + 10*o + 12. Determine g(x).
1
Let u(l) = -2*l + 3. Let z be u(2). Let d(v) be the first derivative of -v**2 + v + 5. Give d(z).
3
Let f(g) = -g - 1. Let j(u) = -u + 8. Let p be j(4). Give f(p).
-5
Let u = 2 - 6. Let h(o) = 0*o**2 - 2*o + 68 - 71 - o**2. What is h(u)?
-11
Let a(v) = -v**3 - 2*v**2 + 3*v - 2. Let n(x) = -x**3 - 8*x**2 + 2*x + 13. Let t be n(-8). What is a(t)?
-2
Let i be 0 + 2 + -2 - -5. Let y(n) be the third derivative of 1/15*n**5 + 7/24*n**4 - 2/3*n**3 - 1/120*n**6 - 2*n**2 + 0*n + 0. What is y(i)?
6
Let c(n) = 2*n - 2*n + 6*n + 1. Suppose 3*l = 72 - 78. Calculate c(l).
-11
Let p(c) = c**2 + c. Let s = -2 - 1. Let v = -4 - s. Let q be v/4 - 4/(-16). Give p(q).
0
Let d(x) = 1 - 6*x + 17*x**2 - 9*x - 16*x**2. Let y(w) = -w**2 + 8*w. Let m(z) = 3*d(z) + 5*y(z). Give m(-4).
-9
Suppose 7*f + 12 = 4*f. Let m be (-3)/2*f/3. Let i(v) = 3*v**3 - 1 + v**2 + v + 0*v**m + 0*v**2. Calculate i(1).
4
Suppose 0 = -3*j - 7 - 2. Let q(r) = 14*r**2 + 3*r + 7. Let w = -9 + 14. Let l(m) = 7*m**2 + 2*m + 4. Let i(o) = j*q(o) + w*l(o). What is i(1)?
-7
Let o(f) = -f**2 - 8*f + 9. Suppose -y + 6 = 5*i, -3*y - 2*i = -3*i + 30. Calculate o(y).
0
Let q be 3*-1*4/(-3). Let c(u) be the second derivative of 1/6*u**3 + 2*u + 0 + 1/20*u**5 - 1/3*u**4 - u**2. What is c(q)?
2
Let k(y) = -y + 4. Suppose -30 + 13 = -3*m + 2*z, 3*z + 12 = 3*m. What is k(m)?
-5
Let v(i) = -i**3 - 7*i**2 + 4. Let t be v(-7). Let j(r) = -r**2 + 4*r + 5. Give j(t).
5
Let b(d) = -2*d**2 + 5*d + 8. Let z(v) = -3*v**2 + 10*v + 15. Let c(q) = -5*b(q) + 3*z(q). Determine c(-4).
1
Let h(g) be the third derivative of g**5/120 + g**4/6 - g**3/3 - g**2. Let x(f) be the first derivative of h(f). Let k = 4 + -8. What is x(k)?
0
Let b(a) = 5*a - 4*a - 14*a + 1 + 8*a. What is b(-2)?
11
Let m(c) = c + 2. Let a(d) = d**2 + 6*d - 5. Let v be a(-8). Let s(f) = 5*f + 11. Let n(r) = v*m(r) - 2*s(r). Determine n(2).
2
Let u(t) = t**2 + 5*t + 1. Suppose 0 = -3*k + 5 + 4. Suppose 3*a + 9 = -k. What is u(a)?
-3
Let n(v) be the third derivative of -v**4/12 - 3*v**3/2 - 4*v**2. Determine n(-6).
3
Let k be (-3 - (-57)/21)*-7. Let p(c) = 6*c**2 + c**3 + 0*c**k + 12 - 14. What is p(-6)?
-2
Let x be (-24)/10*(2 - -3). Let r be (-9)/54 - 2/x. Let t(f) = -f**2 + f + 6. Determine t(r).
6
Let g = 1 + 3. Let a(j) be the first derivative of j**2 + 2 - 5*j + 1/4*j**g + 5/3*j**3. Give a(-4).
3
Let o(p) be the third derivative of -p**5/60 - p**4/24 - p**3/3 - 5*p**2. Suppose 6*h - 4*h + 4 = 0. Calculate o(h).
-4
Let f(n) be the third derivative of -n**6/120 - n**5/10 - n**4/24 - 2*n**3/3 - 4*n**2 - 6*n. What is f(-6)?
2
Suppose -h + 9 - 12 = 0. Let r(u) = -u**3 - u**2 + u + 2. Determine r(h).
17
Let v(j) = -j + 9. Let p(d) = -4*d - 3 + 5*d 